{"id":3942,"date":"2024-10-02T16:32:28","date_gmt":"2024-10-02T14:32:28","guid":{"rendered":"https:\/\/www.courage-beratung.at\/gruppen-graz\/"},"modified":"2026-03-24T12:55:59","modified_gmt":"2026-03-24T11:55:59","slug":"gruppen-graz","status":"publish","type":"page","link":"https:\/\/www.courage-beratung.at\/en\/gruppen-graz\/","title":{"rendered":"GRUPPEN ST.P\u00d6LTEN"},"content":{"rendered":"<style type=\"text\/css\" data-created_by=\"avia_inline_auto\" id=\"style-css-av-m1rph2to-4cd8376fcd2b1efd37d27513ca70ac19\">\n.flex_column.av-m1rph2to-4cd8376fcd2b1efd37d27513ca70ac19{\nbackground-color:#555f8d;\n}\n<\/style>\n<div  class='flex_column av-m1rph2to-4cd8376fcd2b1efd37d27513ca70ac19 av_one_full  avia-builder-el-0  el_before_av_tab_container  avia-builder-el-first  first flex_column_div'     ><p>\n<style type=\"text\/css\" data-created_by=\"avia_inline_auto\" id=\"style-css-av-m1rpula9-c4cac4522c36a3a76d2539eef0ae5321\">\n#top .hr.hr-invisible.av-m1rpula9-c4cac4522c36a3a76d2539eef0ae5321{\nheight:25px;\n}\n<\/style>\n<div  class='hr av-m1rpula9-c4cac4522c36a3a76d2539eef0ae5321 hr-invisible  avia-builder-el-1  el_before_av_button  avia-builder-el-first'><span class='hr-inner'><span class=\"hr-inner-style\"><\/span><\/span><\/div><br \/>\n<div  class='avia-button-wrap av-m1rpthle-cea102786dd089c7f1dec82fce8e033e-wrap avia-button-center  avia-builder-el-2  el_after_av_hr  el_before_av_hr'><a href='https:\/\/www.courage-beratung.at\/en\/home_2\/angebote-2\/#gruppen'  class='avia-button av-m1rpthle-cea102786dd089c7f1dec82fce8e033e av-link-btn avia-icon_select-yes-left-icon avia-size-small avia-position-center avia-color-light'   aria-label=\"Zur\u00fcck \"><span class='avia_button_icon avia_button_icon_left avia-iconfont avia-font-entypo-fontello' data-av_icon='\ue830' data-av_iconfont='entypo-fontello' ><\/span><span class='avia_iconbox_title' >Zur\u00fcck <\/span><\/a><\/div><br \/>\n\n<style type=\"text\/css\" data-created_by=\"avia_inline_auto\" id=\"style-css-av-2kpx2h-3e90349aabf9f7e1b3b6122876d56339\">\n#top .hr.hr-invisible.av-2kpx2h-3e90349aabf9f7e1b3b6122876d56339{\nheight:25px;\n}\n<\/style>\n<div  class='hr av-2kpx2h-3e90349aabf9f7e1b3b6122876d56339 hr-invisible  avia-builder-el-3  el_after_av_button  el_before_av_textblock'><span class='hr-inner'><span class=\"hr-inner-style\"><\/span><\/span><\/div><br \/>\n\n<style type=\"text\/css\" data-created_by=\"avia_inline_auto\" id=\"style-css-av-m1rpmlp7-70f23c821b8c8eac699bc4793d31cf64\">\n#top .av_textblock_section.av-m1rpmlp7-70f23c821b8c8eac699bc4793d31cf64 .avia_textblock{\nfont-size:26px;\n}\n<\/style>\n<section  class='av_textblock_section av-m1rpmlp7-70f23c821b8c8eac699bc4793d31cf64'   itemscope=\"itemscope\" itemtype=\"https:\/\/schema.org\/CreativeWork\" ><div class='avia_textblock'  itemprop=\"text\" ><h1 style=\"text-align: center;\">Gruppen in St.P\u00f6lten<\/h1>\n<\/div><\/section><br \/>\n\n<style type=\"text\/css\" data-created_by=\"avia_inline_auto\" id=\"style-css-av-87v0om-b492e45e3372c0dfec701c8df1e9da2d\">\n#top .hr.hr-invisible.av-87v0om-b492e45e3372c0dfec701c8df1e9da2d{\nheight:25px;\n}\n<\/style>\n<div  class='hr av-87v0om-b492e45e3372c0dfec701c8df1e9da2d hr-invisible  avia-builder-el-5  el_after_av_textblock  avia-builder-el-last'><span class='hr-inner'><span class=\"hr-inner-style\"><\/span><\/span><\/div><\/p><\/div>\n<div  class='tabcontainer av-mn4k6clh-0076c382c32d5f655e7957ae2c8c10fb top_tab  avia-builder-el-6  el_after_av_one_full  avia-builder-el-last'>\n<section class='av_tab_section av_tab_section av-mn4k6bnd-289c0a9247e5ea1979277ccc4ce9f2b8'  itemscope=\"itemscope\" itemtype=\"https:\/\/schema.org\/CreativeWork\" ><div id='tab-id-1-tab' class='tab active_tab' role='tab' aria-selected=\"true\" tabindex=\"0\" data-fake-id='#tab-id-1' aria-controls='tab-id-1-content'  itemprop=\"headline\" >YOUNG TRANS* I<\/div><div id='tab-id-1-content' class='tab_content active_tab_content' role='tabpanel' aria-labelledby='tab-id-1-tab' aria-hidden=\"false\"><div class='tab_inner_content invers-color'  itemprop=\"text\" ><h3><strong>YOUNG TRANS* I &#8211; Psychotherapeutische Gruppe f\u00fcr junge Menschen zwischen 14 und 22 Jahren mit Trans*Gender-Themen<br class=\"avia-permanent-lb\" \/><br class=\"avia-permanent-lb\" \/><\/strong><\/h3>\n<p><strong>Themen: <\/strong><strong>Trans*Gender, Trans*Identit\u00e4ten, In*Between, Gender*Bending, Inter*Geschlechtlichkeiten, Gender* Dysphorie, Gender*Inkongruenz, Cross*Dressing, Trans*Vestiten, Drag*Queens, Drag* Kings\u2026 Alle diese Begriffe bezeichnen Personen, die in unterschiedlichster Weise nicht den g\u00e4ngigen Vorstellungen von Geschlecht und\/oder Geschlechts*Identit\u00e4t folgen k\u00f6nnen bzw. folgen wollen, sondern andere Wege gehen.<\/strong><\/p>\n<p>Unsere Gesellschaft gibt sich bez\u00fcglich der Vielfalt von Lebensweisen liberal und offen. Die Alltagserfahrungen zeigen jedoch, dass es noch immer nicht einfach ist, abseits der bin\u00e4ren Geschlechter und der g\u00e4ngigen Geschlechtermodelle zu leben.<\/p>\n<p>Menschen, deren Geschlechts*Empfinden nicht mit ihrem angeborenen Geschlecht \u00fcbereinstimmt, sto\u00dfen in unserer Gesellschaft h\u00e4ufig auf Unverst\u00e4ndnis, Ablehnung und H\u00fcrden, institutionelle wie auch zwischenmenschliche, die es ihnen erschweren, so leben zu k\u00f6nnen, wie es ihrer pers\u00f6nlich empfundenen K\u00f6rperwahrnehmung und ihrer individuellen Gender*Identit\u00e4t entspricht.<\/p>\n<p>Vor allem f\u00fcr junge Menschen, die die g\u00e4ngigen Geschlechtermodelle aufgrund ihrer individuell erlebten Geschlechtsidentit\u00e4t aufbrechen und erg\u00e4nzen wollen, stellen sich oft vielerlei Fragen:<\/p>\n<p>Wer bin ich? Wie komme ich zu dem, was ich meine zu sein? Welche Gef\u00fchle habe ich dazu? Wodurch (be)hindere ich mich, meine wahre Identit\u00e4t \/ Geschlechtsrolle zu leben? Welches K\u00f6rperbild habe ich? Welche K\u00f6rperwahrnehmungen habe ich dazu? Wie reagiert meine Umgebung? Wie kann ich damit umgehen? Welche Unsicherheiten und \u00c4ngste habe ich? \u2026<\/p>\n<p>Die Gruppe YOUNG TRANS* I versteht sich als ein Ort der Begegnung, des Austausches und des Suchens und Findens einer tragf\u00e4higen pers\u00f6nlichen Geschlechts*Identit\u00e4t.<\/p>\n<p><strong> <br class=\"avia-permanent-lb\" \/>Leitung:<\/strong><\/p>\n<p><strong>Mag. Johannes Wahala<\/strong><br \/>\nPsychotherapeut, Sexualtherapeut, Coach, Supervisor, Sexualwissenschaftler, P\u00e4dagoge, Theologe; Pr\u00e4sident und Lehrtherapeut der \u00d6sterreichischen Gesellschaft f\u00fcr Sexualwissenschaften (\u00d6GS), Sprecher des Fort- und Weiterbildungsausschusses der \u00d6GS-Sexualakademie, Leiter der Beratungsstellen COURAGE, Mitglied des interdisziplin\u00e4ren Arbeitskreises \u201cTrans* Inter* Geschlechtlichkeit und Psychotherapie\u201c im \u00d6BVP, Lehrbeauftragter f\u00fcr Sexualberatung\/-therapie.<br \/>\nHomepage: <a href=\"http:\/\/www.wahala.at\" target=\"_blank\" rel=\"noopener\">www.wahala.at<\/a><br \/>\nE-Mail: <a href=\"mailto:j.wahala@courage-beratung.at\" target=\"_blank\" rel=\"noopener\">j.wahala@courage-beratung.at<\/a><\/p>\n<p><strong>Cihan Yerlikaya, BSc<\/strong><br \/>\nSozial- und Sexualp\u00e4dagoge, Psychotherapeut in Ausbildung unter Supervision <br class=\"avia-permanent-lb\" \/><br class=\"avia-permanent-lb\" \/><\/p>\n<ul>\n<li><strong>Methoden:<\/strong> Psychodrama- und Familientherapie<\/li>\n<li><strong>Zeit:<\/strong> monatlich jeweils Donnerstags, 17.30 \u2013 20.00 Uhr (3 Therapieeinheiten)<\/li>\n<li><strong>Termine 2025\/2026:<\/strong><br \/>\n23.10.2025<br \/>\n06.11.2025<br \/>\n20.11.2025<br \/>\n04.12.2025<br \/>\n18.12.2025<br \/>\n15.01.2026<br \/>\n29.01.2026<br \/>\n12.02.2026<br \/>\n26.02.2026<br \/>\n12.03.2026<br \/>\n26.03.2026<br \/>\n09.04.2026<br \/>\n23.04.2026<br \/>\n07.05.2026<br \/>\n28.05.2026<br \/>\n11.06.2026<br \/>\n25.06.2026<\/li>\n<li><strong>Ort:<\/strong> Beratungsstelle COURAGE* St. P\u00f6lten, 3100 St. P\u00f6lten, Willi-Gruber-Stra\u00dfe 15 \/ Top A.102<\/li>\n<li><strong>Kosten:<\/strong> Kosten\u00fcbernahme durch \u00d6GK; Ansonsten freie Spende<\/li>\n<li><strong>Teilnahme Voraussetzung:<\/strong> Kostenloses Vorgespr\u00e4ch in Pr\u00e4senz<br \/>\nTerminvereinbarung mit Cihan Yerlikaya per Handy 0660\/3866630 oder E-Mail sanktpoelten@courage-beratung.at<\/li>\n<\/ul>\n<p>Die psychotherapeutische Gruppe YOUNG TRANS* ist eine Jahresgruppe. Sie startet im Oktober 2025 und endet im Juni 2026; ein Einstieg unter dem Jahr ist nicht m\u00f6glich. Die Gruppe wird als Psychotherapie laut den Empfehlungen f\u00fcr den Behandlungsprozess bei Geschlechtsdysphorie von Kindern und Jugendlichen (BMG 2017) anerkannt. Sollten Sie sich aktuell in einer Einzeltherapie befinden und Interesse an der Gruppe haben, besprechen Sie das bitte mit Ihrer\/m Psychotherapeut*in.<\/p>\n<\/div><\/div><\/section>\n<\/div>","protected":false},"excerpt":{"rendered":"","protected":false},"author":5,"featured_media":0,"parent":0,"menu_order":0,"comment_status":"closed","ping_status":"closed","template":"","meta":{"footnotes":""},"categories":[],"tags":[],"class_list":["post-3942","page","type-page","status-publish","hentry"],"_links":{"self":[{"href":"https:\/\/www.courage-beratung.at\/en\/wp-json\/wp\/v2\/pages\/3942","targetHints":{"allow":["GET"]}}],"collection":[{"href":"https:\/\/www.courage-beratung.at\/en\/wp-json\/wp\/v2\/pages"}],"about":[{"href":"https:\/\/www.courage-beratung.at\/en\/wp-json\/wp\/v2\/types\/page"}],"author":[{"embeddable":true,"href":"https:\/\/www.courage-beratung.at\/en\/wp-json\/wp\/v2\/users\/5"}],"replies":[{"embeddable":true,"href":"https:\/\/www.courage-beratung.at\/en\/wp-json\/wp\/v2\/comments?post=3942"}],"version-history":[{"count":11,"href":"https:\/\/www.courage-beratung.at\/en\/wp-json\/wp\/v2\/pages\/3942\/revisions"}],"predecessor-version":[{"id":8413,"href":"https:\/\/www.courage-beratung.at\/en\/wp-json\/wp\/v2\/pages\/3942\/revisions\/8413"}],"wp:attachment":[{"href":"https:\/\/www.courage-beratung.at\/en\/wp-json\/wp\/v2\/media?parent=3942"}],"wp:term":[{"taxonomy":"category","embeddable":true,"href":"https:\/\/www.courage-beratung.at\/en\/wp-json\/wp\/v2\/categories?post=3942"},{"taxonomy":"post_tag","embeddable":true,"href":"https:\/\/www.courage-beratung.at\/en\/wp-json\/wp\/v2\/tags?post=3942"}],"curies":[{"name":"wp","href":"https:\/\/api.w.org\/{rel}","templated":true}]}}

GRUPPEN ST.PÖLTEN

<style type="text/css" data-created_by="avia_inline_auto" id="style-css-av-m1rph2to-4cd8376fcd2b1efd37d27513ca70ac19">
.flex_column.av-m1rph2to-4cd8376fcd2b1efd37d27513ca70ac19{
background-color:#555f8d;
}
</style>
<div  class='flex_column av-m1rph2to-4cd8376fcd2b1efd37d27513ca70ac19 av_one_full  avia-builder-el-0  el_before_av_tab_container  avia-builder-el-first  first flex_column_div'     ><p>
<style type="text/css" data-created_by="avia_inline_auto" id="style-css-av-m1rpula9-c4cac4522c36a3a76d2539eef0ae5321">
#top .hr.hr-invisible.av-m1rpula9-c4cac4522c36a3a76d2539eef0ae5321{
height:25px;
}
</style>
<div  class='hr av-m1rpula9-c4cac4522c36a3a76d2539eef0ae5321 hr-invisible  avia-builder-el-1  el_before_av_button  avia-builder-el-first'><span class='hr-inner'><span class="hr-inner-style"></span></span></div><br />
<div  class='avia-button-wrap av-m1rpthle-cea102786dd089c7f1dec82fce8e033e-wrap avia-button-center  avia-builder-el-2  el_after_av_hr  el_before_av_hr'><a href='https://www.courage-beratung.at/en/home_2/angebote-2/#gruppen'  class='avia-button av-m1rpthle-cea102786dd089c7f1dec82fce8e033e av-link-btn avia-icon_select-yes-left-icon avia-size-small avia-position-center avia-color-light'   aria-label="Zurück "><span class='avia_button_icon avia_button_icon_left avia-iconfont avia-font-entypo-fontello' data-av_icon='' data-av_iconfont='entypo-fontello' ></span><span class='avia_iconbox_title' >Zurück </span></a></div><br />

<style type="text/css" data-created_by="avia_inline_auto" id="style-css-av-2kpx2h-3e90349aabf9f7e1b3b6122876d56339">
#top .hr.hr-invisible.av-2kpx2h-3e90349aabf9f7e1b3b6122876d56339{
height:25px;
}
</style>
<div  class='hr av-2kpx2h-3e90349aabf9f7e1b3b6122876d56339 hr-invisible  avia-builder-el-3  el_after_av_button  el_before_av_textblock'><span class='hr-inner'><span class="hr-inner-style"></span></span></div><br />

<style type="text/css" data-created_by="avia_inline_auto" id="style-css-av-m1rpmlp7-70f23c821b8c8eac699bc4793d31cf64">
#top .av_textblock_section.av-m1rpmlp7-70f23c821b8c8eac699bc4793d31cf64 .avia_textblock{
font-size:26px;
}
</style>
<section  class='av_textblock_section av-m1rpmlp7-70f23c821b8c8eac699bc4793d31cf64'   itemscope="itemscope" itemtype="https://schema.org/CreativeWork" ><div class='avia_textblock'  itemprop="text" ><h1 style="text-align: center;">Gruppen in St.Pölten</h1>
</div></section><br />

<style type="text/css" data-created_by="avia_inline_auto" id="style-css-av-87v0om-b492e45e3372c0dfec701c8df1e9da2d">
#top .hr.hr-invisible.av-87v0om-b492e45e3372c0dfec701c8df1e9da2d{
height:25px;
}
</style>
<div  class='hr av-87v0om-b492e45e3372c0dfec701c8df1e9da2d hr-invisible  avia-builder-el-5  el_after_av_textblock  avia-builder-el-last'><span class='hr-inner'><span class="hr-inner-style"></span></span></div></p></div>
<div  class='tabcontainer av-mn4k6clh-0076c382c32d5f655e7957ae2c8c10fb top_tab  avia-builder-el-6  el_after_av_one_full  avia-builder-el-last'>
<section class='av_tab_section av_tab_section av-mn4k6bnd-289c0a9247e5ea1979277ccc4ce9f2b8'  itemscope="itemscope" itemtype="https://schema.org/CreativeWork" ><div id='tab-id-1-tab' class='tab active_tab' role='tab' aria-selected="true" tabindex="0" data-fake-id='#tab-id-1' aria-controls='tab-id-1-content'  itemprop="headline" >YOUNG TRANS* I</div><div id='tab-id-1-content' class='tab_content active_tab_content' role='tabpanel' aria-labelledby='tab-id-1-tab' aria-hidden="false"><div class='tab_inner_content invers-color'  itemprop="text" ><h3><strong>YOUNG TRANS* I &#8211; Psychotherapeutische Gruppe für junge Menschen zwischen 14 und 22 Jahren mit Trans*Gender-Themen<br class="avia-permanent-lb" /><br class="avia-permanent-lb" /></strong></h3>
<p><strong>Themen: </strong><strong>Trans*Gender, Trans*Identitäten, In*Between, Gender*Bending, Inter*Geschlechtlichkeiten, Gender* Dysphorie, Gender*Inkongruenz, Cross*Dressing, Trans*Vestiten, Drag*Queens, Drag* Kings… Alle diese Begriffe bezeichnen Personen, die in unterschiedlichster Weise nicht den gängigen Vorstellungen von Geschlecht und/oder Geschlechts*Identität folgen können bzw. folgen wollen, sondern andere Wege gehen.</strong></p>
<p>Unsere Gesellschaft gibt sich bezüglich der Vielfalt von Lebensweisen liberal und offen. Die Alltagserfahrungen zeigen jedoch, dass es noch immer nicht einfach ist, abseits der binären Geschlechter und der gängigen Geschlechtermodelle zu leben.</p>
<p>Menschen, deren Geschlechts*Empfinden nicht mit ihrem angeborenen Geschlecht übereinstimmt, stoßen in unserer Gesellschaft häufig auf Unverständnis, Ablehnung und Hürden, institutionelle wie auch zwischenmenschliche, die es ihnen erschweren, so leben zu können, wie es ihrer persönlich empfundenen Körperwahrnehmung und ihrer individuellen Gender*Identität entspricht.</p>
<p>Vor allem für junge Menschen, die die gängigen Geschlechtermodelle aufgrund ihrer individuell erlebten Geschlechtsidentität aufbrechen und ergänzen wollen, stellen sich oft vielerlei Fragen:</p>
<p>Wer bin ich? Wie komme ich zu dem, was ich meine zu sein? Welche Gefühle habe ich dazu? Wodurch (be)hindere ich mich, meine wahre Identität / Geschlechtsrolle zu leben? Welches Körperbild habe ich? Welche Körperwahrnehmungen habe ich dazu? Wie reagiert meine Umgebung? Wie kann ich damit umgehen? Welche Unsicherheiten und Ängste habe ich? …</p>
<p>Die Gruppe YOUNG TRANS* I versteht sich als ein Ort der Begegnung, des Austausches und des Suchens und Findens einer tragfähigen persönlichen Geschlechts*Identität.</p>
<p><strong> <br class="avia-permanent-lb" />Leitung:</strong></p>
<p><strong>Mag. Johannes Wahala</strong><br />
Psychotherapeut, Sexualtherapeut, Coach, Supervisor, Sexualwissenschaftler, Pädagoge, Theologe; Präsident und Lehrtherapeut der Österreichischen Gesellschaft für Sexualwissenschaften (ÖGS), Sprecher des Fort- und Weiterbildungsausschusses der ÖGS-Sexualakademie, Leiter der Beratungsstellen COURAGE, Mitglied des interdisziplinären Arbeitskreises “Trans* Inter* Geschlechtlichkeit und Psychotherapie“ im ÖBVP, Lehrbeauftragter für Sexualberatung/-therapie.<br />
Homepage: <a href="http://www.wahala.at" target="_blank" rel="noopener">www.wahala.at</a><br />
E-Mail: <a href="mailto:j.wahala@courage-beratung.at" target="_blank" rel="noopener">j.wahala@courage-beratung.at</a></p>
<p><strong>Cihan Yerlikaya, BSc</strong><br />
Sozial- und Sexualpädagoge, Psychotherapeut in Ausbildung unter Supervision <br class="avia-permanent-lb" /><br class="avia-permanent-lb" /></p>
<ul>
<li><strong>Methoden:</strong> Psychodrama- und Familientherapie</li>
<li><strong>Zeit:</strong> monatlich jeweils Donnerstags, 17.30 – 20.00 Uhr (3 Therapieeinheiten)</li>
<li><strong>Termine 2025/2026:</strong><br />
23.10.2025<br />
06.11.2025<br />
20.11.2025<br />
04.12.2025<br />
18.12.2025<br />
15.01.2026<br />
29.01.2026<br />
12.02.2026<br />
26.02.2026<br />
12.03.2026<br />
26.03.2026<br />
09.04.2026<br />
23.04.2026<br />
07.05.2026<br />
28.05.2026<br />
11.06.2026<br />
25.06.2026</li>
<li><strong>Ort:</strong> Beratungsstelle COURAGE* St. Pölten, 3100 St. Pölten, Willi-Gruber-Straße 15 / Top A.102</li>
<li><strong>Kosten:</strong> Kostenübernahme durch ÖGK; Ansonsten freie Spende</li>
<li><strong>Teilnahme Voraussetzung:</strong> Kostenloses Vorgespräch in Präsenz<br />
Terminvereinbarung mit Cihan Yerlikaya per Handy 0660/3866630 oder E-Mail sanktpoelten@courage-beratung.at</li>
</ul>
<p>Die psychotherapeutische Gruppe YOUNG TRANS* ist eine Jahresgruppe. Sie startet im Oktober 2025 und endet im Juni 2026; ein Einstieg unter dem Jahr ist nicht möglich. Die Gruppe wird als Psychotherapie laut den Empfehlungen für den Behandlungsprozess bei Geschlechtsdysphorie von Kindern und Jugendlichen (BMG 2017) anerkannt. Sollten Sie sich aktuell in einer Einzeltherapie befinden und Interesse an der Gruppe haben, besprechen Sie das bitte mit Ihrer/m Psychotherapeut*in.</p>
</div></div></section>
</div>
